(-6)). Determine m(g).
10
Let f(t) = -1. Let p(j) = -j**2 + 5*j. Let y(k) = 6*f(k) + p(k). Give y(4).
-2
Let y(c) = c - 7. Let r be y(8). Let q(u) be the first derivative of 3*u**2/2 - u - 1. What is q(r)?
2
Let q(g) = g**2 - g - 1. Let w(y) be the second derivative of y**5/10 + 7*y**4/12 - y**3/6 - 2*y**2 - 3*y. Let k(l) = -3*q(l) + w(l). Determine k(-2).
-5
Let z(d) = -d**2 + 5*d - 3. Let y be (16/(-10))/((-2)/5). Suppose k = y*g + 23, 4*k + 4*g - 4 = -12. Give z(k).
3
Let a(k) = 3*k**3 + k**2 - k. Let t(v) = v**3 - 2*v**2 - 7*v - 3. Let y be t(4). Give a(y).
3
Let w(t) = t + 3. Let z = -4 + 0. Let s = z + 6. Let j(y) = 4*y - 3. Let o be j(s). What is w(o)?
8
Let g(y) = -1 + 5 + 5793*y**2 - 5794*y**2 - 6*y. Give g(-7).
-3
Let h = 37 + -30. Let x(q) = -q**3 + 8*q**2 - 8*q + 8. Give x(h).
1
Let x = -1 - -8. Let b(r) = -r**3 - 3 - 4*r + x*r + 2 - r. Determine b(2).
-5
Let l(d) = 0 - 4*d + 10 - 6*d. Let f(i) = 3*i - 3. Let z be (-4)/10 + (-72)/20. Let p(c) = z*l(c) - 14*f(c). Give p(2).
-2
Let m(f) = -10*f**3 + 2*f**2 + 2*f + 1. Let g be (4 + -6)*(-1)/(-2). Determine m(g).
11
Let f(v) be the second derivative of v**3/3 + v**2 - 7*v. Determine f(3).
8
Let q be ((-12)/18)/(2/(-15)). Suppose 9*m - 4*m = -3*u + 49, 0 = q*m - 5*u - 25. Let v be (-3)/(-4) + (-22)/m. Let d(t) = -3*t**2 - 2*t - 1. What is d(v)?
-9
Let u(f) = -f + 4. Suppose 0*t + 13 = 3*t - 5*q, q - 31 = -5*t. Calculate u(t).
-2
Let x(f) = -f**2 + 10*f - 1. Let h(y) = y**2 - 11*y + 2. Let k(p) = -2*h(p) - 3*x(p). Determine k(4).
-17
Suppose -6 = -3*y - 0. Let h(q) = -q**y - q**2 + 1 + q**2. Determine h(1).
0
Let n(j) = 14 + j + 0 - 7. What is n(0)?
7
Suppose 3*r + 8 = 7*r. Let u(v) be the first derivative of 4*v + 1 + 1/2*v**r. Give u(0).
4
Let h(s) = -s + 1. Let k(l) = -l**2 - 9*l + 3. Let u(d) = -4*h(d) + k(d). Suppose 0 = -5*x - 11 - 9. What is u(x)?
3
Let y = 9 + -7. Let i(b) = b**2 - y*b - 5*b**2 - 2 - 2*b**3 + b**3. Let c be (1 + -3)/(2/3). Determine i(c).
-5
Let d(n) = -4*n**2 + 2*n - 6. Let c(h) = 7*h**2 - 5*h + 11. Let a(o) = -3*c(o) - 5*d(o). Let k = 3 + -3. Suppose k = 2*y - 4. Calculate a(y).
3
Suppose -4*x - 99 = -111. Let b(v) = 2*v**2 - 2*v - 3. Calculate b(x).
9
Suppose 5*v = -40 - 0. Let h(y) = -y**2 - 7*y + 4. Determine h(v).
-4
Let j(a) = a**3 - 7*a**2 + 7*a - 3. Let v(b) = 3*b - 3. Let f be v(3). Let d be j(f). Let l(o) = -o**2 + 0 + 0*o**2 + d*o + 1. What is l(3)?
1
Let z(g) = -g**2 + 5*g - 4. Suppose 10 = 5*k - 15. Calculate z(k).
-4
Let z(o) = 8*o**2. Let t = 7 + -8. What is z(t)?
8
Let o(w) be the third derivative of -w**4/8 + 4*w**3/3 + 7*w**2. What is o(6)?
-10
Suppose -5*n - 7 = 3*h, 5*h - 3 + 8 = -5*n. Let i(j) = -2*j**3 + 2*j + 1. Calculate i(n).
13
Let a(x) = 4*x**2 + x + x**3 + 0*x + 0*x**3 + 4 - 6. Determine a(-4).
-6
Let d be -2 - (-2 - 2)/(-4). Suppose -2*f - 15 = -4*f - 3*v, 2*v = 10. Let n(j) = f + 1 - 2*j - 5. Determine n(d).
2
Let a(k) = 2*k - 1. Suppose -3*x - 4*z + 13 = 2*x, 4*x + 6 = 5*z. Let j be 4/(-10) - (-2)/5. Suppose o = -j + x. Determine a(o).
1
Suppose -7*z + 3*z = -4. Let j(t) = -t**2 - t - 1. Let h(g) = 3*g**2 + 3*g + 12. Let l(o) = z*h(o) + 4*j(o). Determine l(0).
8
Let z(o) be the third derivative of -o**4/24 + o**3/3 - 2*o**2. Let w be z(2). Let t(p) = 0 - 10 + 3*p - 4*p + p**3. What is t(w)?
-10
Let q(a) be the third derivative of 2*a**2 + 0 + 1/120*a**6 + 1/12*a**5 - 1/6*a**3 + 1/6*a**4 + 0*a. What is q(-4)?
-1
Let n(f) = f - 8. Let r be (-2 - -12)/2 - -1. Give n(r).
-2
Let d(w) = w**3 + 2*w**2 - 3*w - 1. Let b be (-2)/7 + 6/21. Let y be 4*(1 + b/2). Suppose -y*p - 7 = g, 4*g + 4 = g + 5*p. What is d(g)?
-1
Let u(f) = 3*f**2 - 1 + f**2 - 3*f**2 + 5*f + 4. What is u(-5)?
3
Suppose -2*x + q = 3*q + 6, -4*x - 2*q = 8. Let f(b) = -5*b - 10. Let k(g) = 2*g + 3. Let n(j) = 3*f(j) + 10*k(j). What is n(x)?
-5
Let t(s) = -9*s + 9. Let n(k) = k - 1. Let z(d) = -21*n(d) - 2*t(d). What is z(5)?
-12
Let u(h) = 6*h + 5 - 2*h**2 - 9 + h. Calculate u(4).
-8
Let d(m) = m + 8 - 2 + 4. Let z be (-4)/(-8)*7/(35/(-50)). Give d(z).
5
Suppose -t + 0*t + 4 = 0. Suppose -5*g + 5 + 6 = 2*f, -t*f + 17 = 5*g. Let y(s) = -3*s - f + s**2 + 4*s + 5. What is y(2)?
8
Let l(t) be the first derivative of t**3/3 + 5*t**2/2 + 7*t + 2. What is l(-6)?
13
Let a be (-8)/(-24) + 28/6. Let z(r) = -a*r - r + 5*r. What is z(-3)?
3
Let d(w) be the second derivative of w**5/20 - w**4/6 - w**3/2 + w**2/2 + 5*w. Determine d(3).
1
Let d(o) = 4*o + 2. Let w(a) = a + 8. Let u be w(-5). Give d(u).
14
Let s(m) = 2*m - 4*m - 2 + 3*m - 4*m. Calculate s(-4).
10
Let h(f) = -3*f**3 + 4*f**3 + 3*f + 2 + 0*f**3 - 8*f**2 + 3*f. Determine h(7).
-5
Suppose 3*z + 0*j = -j - 18, -5*z + 2*j = 19. Let f = -3 - z. Let x(h) = 5*h + 4 + 3*h**f - 2*h**2 + 0*h**2. Calculate x(-4).
0
Let c(n) = 4*n**2 + 9*n + 3. Let w(u) = 5*u**2 + 10*u + 4. Let m(s) = 6*c(s) - 5*w(s). Determine m(4).
-2
Let m be (-6 + 7)*3*1. Let z = m + -8. Let p(i) = i**2 + 3*i + 7. Let v(o) = -o**2 - 2*o - 7. Let s(r) = 3*p(r) + 2*v(r). What is s(z)?
7
Let x be 2/4 + (-26)/(-4). Let t(f) = -4*f + 2*f - f - x. What is t(-5)?
8
Let l(z) = z**3 - z**2 - z - 1. Let p be 3/((-3)/5) - -4. Let m(q) = q**3 + q**2 - q - 1. Let i be m(p). Give l(i).
-1
Let z(y) = -5*y - 18*y**2 - y + 1 + 19*y**2. Determine z(5).
-4
Let h(r) = r. Let s(y) = 5*y - 1. Let i(o) = 4*h(o) - s(o). Let x(c) = -c - 3. Let a be x(3). Give i(a).
7
Let y(c) = -3*c + 0 - 5 + 1. Calculate y(-4).
8
Let j = -6 + 11. Let q(a) = -j + 6 + a + a**2 - 4. What is q(-3)?
3
Let v(i) = -2*i**2 - 3*i + 1. Let x be v(-1). Let u(j) = -2*j**2 - 2 - 2*j + 3*j**2 + 3*j**2. Determine u(x).
10
Let b(y) be the third derivative of y**5/60 + y**4/24 - y**3/3 + y**2. Suppose 0 = -5*l - 4*o + 5, 3*l + 3 = 2*o - 16. Give b(l).
4
Let x(l) = -3*l - 1. Let y = 13 + -18. Let f = y - -8. Suppose -f*n = -3*t + 7 - 1, n = 2*t - 5. What is x(n)?
-4
Let q be (2/3)/(8/72). Let f be -5 + q + 1*-2. Let d(w) = -9*w**2 - 2*w - 1. What is d(f)?
-8
Suppose b + 5 = 4*r - 2*b, -10 = 3*r - 5*b. Suppose c = -3*c - 3*f, 5*f + 14 = -2*c. Let v(i) = 0*i + c - i - r + 0*i. What is v(-3)?
1
Let i(n) = -7*n**3 + n**2 - 9*n - 4. Let l(k) = -15*k**3 + 3*k**2 - 19*k - 8. Let o(q) = 13*i(q) - 6*l(q). Calculate o(-5).
11
Let k(f) = -55 + f + f - 52 + 111. Calculate k(-5).
-6
Suppose 2*v - 2*x = 4, 2*x + 14 = -2*v - 2. Let s = v - 3. Let n(f) = -f**2 - 5*f - 2. Calculate n(s).
-8
Let t(a) = a**2 + 1. Let h(x) be the third derivative of -x**6/120 - x**5/30 + x**4/24 - x**2. Let u(y) = h(y) - 2*t(y). What is u(-4)?
-6
Let c(f) be the third derivative of -f**6/360 + f**5/40 + f**4/8 + 5*f**3/6 + 4*f**2. Let b(i) be the first derivative of c(i). What is b(4)?
-1
Let q = -2 + 0. Let a be (-2 - q) + 3 + -3. Let c(d) = d**3 - 6. Determine c(a).
-6
Let y = 3 + -7. Let z(o) = -o**2 + 4*o + 8. Let u(n) be the third derivative of n**5/60 - 5*n**4/24 - 3*n**3/2 + 2*n**2. Let j(b) = -6*u(b) - 7*z(b). Give j(y).
6
Let a(s) = -s + 2. Let k = 35 - 32. What is a(k)?
-1
Suppose -3*l = -0*l - 9. Suppose l*p + 0*p = 0. Let r(z) = z**2 + 4. What is r(p)?
4
Let w(l) = -2*l**2. Let t(n) = -n**3 + 5*n**2 + 7*n - 5. Let i be t(6). Calculate w(i).
-2
Let y(d) = 3*d + 2. Let v(g) = 12*g + 7. Let w(q) = -2*v(q) + 9*y(q). Let o = -10 - -7. What is w(o)?
-5
Let d(z) = -z + 1. Let k(o) be the third derivative of o**5/60 + 7*o**2. Let i(p) = d(p) - 2*k(p). Give i(2).
-9
Let j be 0/((1 + -5)/2). Suppose j*x + x = -3. Let y(a) = a**2 + 4*a + 4. Let i be y(x). Let s(u) = 5*u + 1. Calculate s(i).
6
Let y be (-1)/(1*4/28). Let s(q) = 2*q + 9. What is s(y)?
-5
Let k(z) be the first derivative of 5 + 3*z - 1/2*z**2. Give k(4).
-1
Let c(l) = -l + 1. Let u(h) = -7*h + 4. Let n(j) = 4*c(j) - u(j). Suppose 4*z - 4*m = 4, z - m = m. Suppose -3*d - 16 = -z*q, -4*q + d = -6*q. What is n(q)?
6
Let h be 2/3 - (-320)/15. Let y = h + -24. Let b(i) = 2*i. Calculate b(y).
-4
Suppose 0 = 4*a + a. Suppose a*q = -q - 5. Let i(g) = -326 + 3*g - 323 + 655 - 2*g. Determine i(q).
1
Let g(u) = -7 + 2 + 4*u**2 + 6. Let c(s) = -s**3 - 4*s**2 - 2*s - 6. Let y be c(-4). Suppose -4*o = -4*n - o + 16, y*n - 22 = 5*o. Calculate g(n).
5
Let c(a) = 8*a**3 - 1. Let y be (0/1 + 1)*1. Give c(y).
7
Let q be 4/(-1) + 2 + 4. Let g(p) be the first derivative of 5*p - 1/2*p**2 + q. Determine g(5).
0
